{"id":735,"date":"2017-12-14T00:41:48","date_gmt":"2017-12-14T02:41:48","guid":{"rendered":"http:\/\/br184.teste.website\/~cross628\/site\/?post_type=product&#038;p=735"},"modified":"2026-01-13T08:26:35","modified_gmt":"2026-01-13T11:26:35","slug":"anilha-olimpica-5lb","status":"publish","type":"product","link":"https:\/\/www.crossequipamentos.com.br\/site\/produto\/anilha-olimpica-5lb\/","title":{"rendered":"Anilha Ol\u00edmpica 5 Lb (Par) | Black"},"content":{"rendered":"<p><strong><u>Anilha Emborrachada Bumper 5 lbs <\/u><\/strong><strong>(vendida em par)<\/strong><strong> \u2013 Cross Sports Equipamentos:<\/strong><\/p>\n<p>Anilhas Bumper Cross Sports Equipamentos s\u00e3o emborrachadas para absor\u00e7\u00e3o de impacto em exerc\u00edcios que envolvem Levantamento de Peso, Treino Funcional e Crossfit.<\/p>\n<p>A anilha com 5 libras (equivalente a 2,26Kg) s\u00e3o \u00f3timos complementos de cargas e\/ou exerc\u00edcios funcionais e de muscula\u00e7\u00e3o para atletas que buscam tonifica\u00e7\u00e3o muscular e ganho de massa magra.<\/p>\n<p>Todas as nossas anilhas seguem o padr\u00e3o ol\u00edmpico. Elas podem ser utilizadas em competi\u00e7\u00f5es que envolvem levantamento de peso ol\u00edmpico (as anilhas devem ser utilizadas com barra ol\u00edmpica e presilhas, tamb\u00e9m em padr\u00e3o oficial).<\/p>\n<p>O produto escolhido cont\u00e9m: Um par de Anilhas Emborrachadas da marca Cross Sports Equipamentos com 5 libras cada, no padr\u00e3o oficial de levantamento de peso ol\u00edmpico.<\/p>\n<p>Visite tamb\u00e9m: Barra Ol\u00edmpica Feminina para Crossfit e levantamento de peso, Barra Ol\u00edmpica Masculina para Crossfit e levantamento de peso, Presilhas de ferro para barra ol\u00edmpica, Presilhas Collar para barra ol\u00edmpica e Presilhas OSO para barra ol\u00edmpica.<\/p>\n<p>&nbsp;<\/p>\n<p><strong>Anilhas Ol\u00edmpicas<\/strong><\/p>\n<p><strong>Marca:<\/strong> Cross Sports Equipamentos<br \/>\n<strong>Tipo:<\/strong> Anilha Emborrachada com 5 libras<br \/>\n<strong>Recomenda\u00e7\u00e3o de Uso:<\/strong> Levantamento de Peso e Treinamento Funcional<br \/>\nMedidas de Padr\u00e3o Ol\u00edmpico.<br \/>\n<strong>Peso:<\/strong> 5lb cada<br \/>\n<strong>Di\u00e2metro:<\/strong> 250mm<br \/>\nCentro Furo Ol\u00edmpico 51mm<br \/>\nCor: Preta<\/p>\n<p>Venda em par<\/p>\n<h6>Imagem meramente ilustrativa.<\/h6>\n<figure id=\"attachment_1237\" aria-describedby=\"caption-attachment-1237\" style=\"width: 400px\" class=\"wp-caption alignleft\"><img loading=\"lazy\" decoding=\"async\" class=\"size-medium wp-image-1237\" src=\"http:\/\/www.crossequipamentos.com.br\/site\/wp-content\/uploads\/2017\/12\/anilha_5libras_crossequipamentos-400x400.jpg\" alt=\"anilha\" width=\"400\" height=\"400\" srcset=\"https:\/\/www.crossequipamentos.com.br\/site\/wp-content\/uploads\/2017\/12\/anilha_5libras_crossequipamentos-400x400.jpg 400w, https:\/\/www.crossequipamentos.com.br\/site\/wp-content\/uploads\/2017\/12\/anilha_5libras_crossequipamentos-300x300.jpg 300w, https:\/\/www.crossequipamentos.com.br\/site\/wp-content\/uploads\/2017\/12\/anilha_5libras_crossequipamentos-100x100.jpg 100w, https:\/\/www.crossequipamentos.com.br\/site\/wp-content\/uploads\/2017\/12\/anilha_5libras_crossequipamentos-600x600.jpg 600w, https:\/\/www.crossequipamentos.com.br\/site\/wp-content\/uploads\/2017\/12\/anilha_5libras_crossequipamentos-280x280.jpg 280w, https:\/\/www.crossequipamentos.com.br\/site\/wp-content\/uploads\/2017\/12\/anilha_5libras_crossequipamentos-768x768.jpg 768w, https:\/\/www.crossequipamentos.com.br\/site\/wp-content\/uploads\/2017\/12\/anilha_5libras_crossequipamentos-800x800.jpg 800w, https:\/\/www.crossequipamentos.com.br\/site\/wp-content\/uploads\/2017\/12\/anilha_5libras_crossequipamentos.jpg 1200w\" sizes=\"auto, (max-width: 400px) 100vw, 400px\" \/><figcaption id=\"caption-attachment-1237\" class=\"wp-caption-text\">Anilha 5 libras Cross Sports Equipamentos<\/figcaption><\/figure>\n","protected":false},"excerpt":{"rendered":"<p>Anilha Emborrachada Bumper 5 lbs (vendida em par) \u2013 Cross Sports Equipamentos: Anilhas Bumper Cross Sports Equipamentos s\u00e3o emborrachadas para absor\u00e7\u00e3o de impacto em exerc\u00edcios que envolvem Levantamento de Peso, Treino Funcional e Crossfit. A anilha com 5 libras (equivalente a 2,26Kg) s\u00e3o \u00f3timos complementos de cargas e\/ou exerc\u00edcios funcionais e de muscula\u00e7\u00e3o para atletas [&hellip;]\n","protected":false},"featured_media":4910,"comment_status":"closed","ping_status":"closed","template":"","meta":[],"product_brand":[],"product_cat":[270,263],"product_tag":[139,264,207,204,209],"class_list":{"0":"post-735","1":"product","2":"type-product","3":"status-publish","4":"has-post-thumbnail","6":"product_cat-anilha-em-lb","7":"product_cat-todas-anilhas-olimpicas","8":"product_tag-anilha-olimpica","9":"product_tag-anilhas-olimpicas-todas","10":"product_tag-crossfit","11":"product_tag-levantamento-de-peso-olimpico","12":"product_tag-produtos-crossfit","14":"first","15":"instock","16":"sale","17":"taxable","18":"shipping-taxable","19":"purchasable","20":"product-type-simple"},"yoast_head":"<!-- This site is optimized with the Yoast SEO plugin v27.2 - https:\/\/yoast.com\/product\/yoast-seo-wordpress\/ -->\n<title>Anilha Ol\u00edmpica 5 Lb (Par) | Black | Cross Sports Equipamentos CrossFit<\/title>\n<meta name=\"description\" content=\"As melhores Anilhas Ol\u00edmpicas Emborrachadas para CrossFit. Visite a loja oficial Cross Sports Equipamentos, compre Barra Ol\u00edmpica, Dumbbell e muito mais Equipamentos e Acess\u00f3rios para CrossFit!\" \/>\n<meta name=\"robots\" content=\"index, follow, max-snippet:-1, max-image-preview:large, max-video-preview:-1\" \/>\n<link rel=\"canonical\" href=\"https:\/\/www.crossequipamentos.com.br\/site\/produto\/anilha-olimpica-5lb\/\" \/>\n<meta property=\"og:locale\" content=\"pt_BR\" \/>\n<meta property=\"og:type\" content=\"article\" \/>\n<meta property=\"og:title\" content=\"Anilha Ol\u00edmpica 5 Lb (Par) | Black | Cross Sports Equipamentos CrossFit\" \/>\n<meta property=\"og:description\" content=\"As melhores Anilhas Ol\u00edmpicas Emborrachadas para CrossFit. Visite a loja oficial Cross Sports Equipamentos, compre Barra Ol\u00edmpica, Dumbbell e muito mais Equipamentos e Acess\u00f3rios para CrossFit!\" \/>\n<meta property=\"og:url\" content=\"https:\/\/www.crossequipamentos.com.br\/site\/produto\/anilha-olimpica-5lb\/\" \/>\n<meta property=\"og:site_name\" content=\"Cross Sports Equipamentos\" \/>\n<meta property=\"article:publisher\" content=\"https:\/\/www.facebook.com\/crossequipamentos\/\" \/>\n<meta property=\"article:modified_time\" content=\"2026-01-13T11:26:35+00:00\" \/>\n<meta property=\"og:image\" content=\"https:\/\/www.crossequipamentos.com.br\/site\/wp-content\/uploads\/2017\/12\/anilha-5lb.png\" \/>\n\t<meta property=\"og:image:width\" content=\"1080\" \/>\n\t<meta property=\"og:image:height\" content=\"1080\" \/>\n\t<meta property=\"og:image:type\" content=\"image\/png\" \/>\n<meta name=\"twitter:card\" content=\"summary_large_image\" \/>\n<meta name=\"twitter:label1\" content=\"Est. tempo de leitura\" \/>\n\t<meta name=\"twitter:data1\" content=\"1 minuto\" \/>\n<script type=\"application\/ld+json\" class=\"yoast-schema-graph\">{\"@context\":\"https:\/\/schema.org\",\"@graph\":[{\"@type\":\"WebPage\",\"@id\":\"https:\/\/www.crossequipamentos.com.br\/site\/produto\/anilha-olimpica-5lb\/\",\"url\":\"https:\/\/www.crossequipamentos.com.br\/site\/produto\/anilha-olimpica-5lb\/\",\"name\":\"Anilha Ol\u00edmpica 5 Lb (Par) | Black | Cross Sports Equipamentos CrossFit\",\"isPartOf\":{\"@id\":\"https:\/\/www.crossequipamentos.com.br\/site\/#website\"},\"primaryImageOfPage\":{\"@id\":\"https:\/\/www.crossequipamentos.com.br\/site\/produto\/anilha-olimpica-5lb\/#primaryimage\"},\"image\":{\"@id\":\"https:\/\/www.crossequipamentos.com.br\/site\/produto\/anilha-olimpica-5lb\/#primaryimage\"},\"thumbnailUrl\":\"https:\/\/www.crossequipamentos.com.br\/site\/wp-content\/uploads\/2017\/12\/anilha-5lb.png\",\"datePublished\":\"2017-12-14T02:41:48+00:00\",\"dateModified\":\"2026-01-13T11:26:35+00:00\",\"description\":\"As melhores Anilhas Ol\u00edmpicas Emborrachadas para CrossFit. Visite a loja oficial Cross Sports Equipamentos, compre Barra Ol\u00edmpica, Dumbbell e muito mais Equipamentos e Acess\u00f3rios para CrossFit!\",\"breadcrumb\":{\"@id\":\"https:\/\/www.crossequipamentos.com.br\/site\/produto\/anilha-olimpica-5lb\/#breadcrumb\"},\"inLanguage\":\"pt-BR\",\"potentialAction\":[{\"@type\":\"ReadAction\",\"target\":[\"https:\/\/www.crossequipamentos.com.br\/site\/produto\/anilha-olimpica-5lb\/\"]}]},{\"@type\":\"ImageObject\",\"inLanguage\":\"pt-BR\",\"@id\":\"https:\/\/www.crossequipamentos.com.br\/site\/produto\/anilha-olimpica-5lb\/#primaryimage\",\"url\":\"https:\/\/www.crossequipamentos.com.br\/site\/wp-content\/uploads\/2017\/12\/anilha-5lb.png\",\"contentUrl\":\"https:\/\/www.crossequipamentos.com.br\/site\/wp-content\/uploads\/2017\/12\/anilha-5lb.png\",\"width\":1080,\"height\":1080},{\"@type\":\"BreadcrumbList\",\"@id\":\"https:\/\/www.crossequipamentos.com.br\/site\/produto\/anilha-olimpica-5lb\/#breadcrumb\",\"itemListElement\":[{\"@type\":\"ListItem\",\"position\":1,\"name\":\"In\u00edcio\",\"item\":\"https:\/\/www.crossequipamentos.com.br\/site\/\"},{\"@type\":\"ListItem\",\"position\":2,\"name\":\"Shop\",\"item\":\"https:\/\/www.crossequipamentos.com.br\/site\/shop\/\"},{\"@type\":\"ListItem\",\"position\":3,\"name\":\"Anilha Ol\u00edmpica 5 Lb (Par) | Black\"}]},{\"@type\":\"WebSite\",\"@id\":\"https:\/\/www.crossequipamentos.com.br\/site\/#website\",\"url\":\"https:\/\/www.crossequipamentos.com.br\/site\/\",\"name\":\"Cross Sports Equipamentos\",\"description\":\"[RE]Marque Seu Ritmo - Equipamentos de Crossfit &amp; Funcional. Enviamos para todo Brasil\",\"publisher\":{\"@id\":\"https:\/\/www.crossequipamentos.com.br\/site\/#organization\"},\"potentialAction\":[{\"@type\":\"SearchAction\",\"target\":{\"@type\":\"EntryPoint\",\"urlTemplate\":\"https:\/\/www.crossequipamentos.com.br\/site\/?s={search_term_string}\"},\"query-input\":{\"@type\":\"PropertyValueSpecification\",\"valueRequired\":true,\"valueName\":\"search_term_string\"}}],\"inLanguage\":\"pt-BR\"},{\"@type\":\"Organization\",\"@id\":\"https:\/\/www.crossequipamentos.com.br\/site\/#organization\",\"name\":\"CrossSports Equipamentos\",\"url\":\"https:\/\/www.crossequipamentos.com.br\/site\/\",\"logo\":{\"@type\":\"ImageObject\",\"inLanguage\":\"pt-BR\",\"@id\":\"https:\/\/www.crossequipamentos.com.br\/site\/#\/schema\/logo\/image\/\",\"url\":\"https:\/\/www.crossequipamentos.com.br\/site\/wp-content\/uploads\/2019\/08\/logo_header_site.png\",\"contentUrl\":\"https:\/\/www.crossequipamentos.com.br\/site\/wp-content\/uploads\/2019\/08\/logo_header_site.png\",\"width\":350,\"height\":118,\"caption\":\"CrossSports Equipamentos\"},\"image\":{\"@id\":\"https:\/\/www.crossequipamentos.com.br\/site\/#\/schema\/logo\/image\/\"},\"sameAs\":[\"https:\/\/www.facebook.com\/crossequipamentos\/\",\"https:\/\/www.instagram.com\/crossequipamentos\/\"]}]}<\/script>\n<!-- \/ Yoast SEO plugin. -->","yoast_head_json":{"title":"Anilha Ol\u00edmpica 5 Lb (Par) | Black | Cross Sports Equipamentos CrossFit","description":"As melhores Anilhas Ol\u00edmpicas Emborrachadas para CrossFit. Visite a loja oficial Cross Sports Equipamentos, compre Barra Ol\u00edmpica, Dumbbell e muito mais Equipamentos e Acess\u00f3rios para CrossFit!","robots":{"index":"index","follow":"follow","max-snippet":"max-snippet:-1","max-image-preview":"max-image-preview:large","max-video-preview":"max-video-preview:-1"},"canonical":"https:\/\/www.crossequipamentos.com.br\/site\/produto\/anilha-olimpica-5lb\/","og_locale":"pt_BR","og_type":"article","og_title":"Anilha Ol\u00edmpica 5 Lb (Par) | Black | Cross Sports Equipamentos CrossFit","og_description":"As melhores Anilhas Ol\u00edmpicas Emborrachadas para CrossFit. Visite a loja oficial Cross Sports Equipamentos, compre Barra Ol\u00edmpica, Dumbbell e muito mais Equipamentos e Acess\u00f3rios para CrossFit!","og_url":"https:\/\/www.crossequipamentos.com.br\/site\/produto\/anilha-olimpica-5lb\/","og_site_name":"Cross Sports Equipamentos","article_publisher":"https:\/\/www.facebook.com\/crossequipamentos\/","article_modified_time":"2026-01-13T11:26:35+00:00","og_image":[{"width":1080,"height":1080,"url":"https:\/\/www.crossequipamentos.com.br\/site\/wp-content\/uploads\/2017\/12\/anilha-5lb.png","type":"image\/png"}],"twitter_card":"summary_large_image","twitter_misc":{"Est. tempo de leitura":"1 minuto"},"schema":{"@context":"https:\/\/schema.org","@graph":[{"@type":"WebPage","@id":"https:\/\/www.crossequipamentos.com.br\/site\/produto\/anilha-olimpica-5lb\/","url":"https:\/\/www.crossequipamentos.com.br\/site\/produto\/anilha-olimpica-5lb\/","name":"Anilha Ol\u00edmpica 5 Lb (Par) | Black | Cross Sports Equipamentos CrossFit","isPartOf":{"@id":"https:\/\/www.crossequipamentos.com.br\/site\/#website"},"primaryImageOfPage":{"@id":"https:\/\/www.crossequipamentos.com.br\/site\/produto\/anilha-olimpica-5lb\/#primaryimage"},"image":{"@id":"https:\/\/www.crossequipamentos.com.br\/site\/produto\/anilha-olimpica-5lb\/#primaryimage"},"thumbnailUrl":"https:\/\/www.crossequipamentos.com.br\/site\/wp-content\/uploads\/2017\/12\/anilha-5lb.png","datePublished":"2017-12-14T02:41:48+00:00","dateModified":"2026-01-13T11:26:35+00:00","description":"As melhores Anilhas Ol\u00edmpicas Emborrachadas para CrossFit. Visite a loja oficial Cross Sports Equipamentos, compre Barra Ol\u00edmpica, Dumbbell e muito mais Equipamentos e Acess\u00f3rios para CrossFit!","breadcrumb":{"@id":"https:\/\/www.crossequipamentos.com.br\/site\/produto\/anilha-olimpica-5lb\/#breadcrumb"},"inLanguage":"pt-BR","potentialAction":[{"@type":"ReadAction","target":["https:\/\/www.crossequipamentos.com.br\/site\/produto\/anilha-olimpica-5lb\/"]}]},{"@type":"ImageObject","inLanguage":"pt-BR","@id":"https:\/\/www.crossequipamentos.com.br\/site\/produto\/anilha-olimpica-5lb\/#primaryimage","url":"https:\/\/www.crossequipamentos.com.br\/site\/wp-content\/uploads\/2017\/12\/anilha-5lb.png","contentUrl":"https:\/\/www.crossequipamentos.com.br\/site\/wp-content\/uploads\/2017\/12\/anilha-5lb.png","width":1080,"height":1080},{"@type":"BreadcrumbList","@id":"https:\/\/www.crossequipamentos.com.br\/site\/produto\/anilha-olimpica-5lb\/#breadcrumb","itemListElement":[{"@type":"ListItem","position":1,"name":"In\u00edcio","item":"https:\/\/www.crossequipamentos.com.br\/site\/"},{"@type":"ListItem","position":2,"name":"Shop","item":"https:\/\/www.crossequipamentos.com.br\/site\/shop\/"},{"@type":"ListItem","position":3,"name":"Anilha Ol\u00edmpica 5 Lb (Par) | Black"}]},{"@type":"WebSite","@id":"https:\/\/www.crossequipamentos.com.br\/site\/#website","url":"https:\/\/www.crossequipamentos.com.br\/site\/","name":"Cross Sports Equipamentos","description":"[RE]Marque Seu Ritmo - Equipamentos de Crossfit &amp; Funcional. Enviamos para todo Brasil","publisher":{"@id":"https:\/\/www.crossequipamentos.com.br\/site\/#organization"},"potentialAction":[{"@type":"SearchAction","target":{"@type":"EntryPoint","urlTemplate":"https:\/\/www.crossequipamentos.com.br\/site\/?s={search_term_string}"},"query-input":{"@type":"PropertyValueSpecification","valueRequired":true,"valueName":"search_term_string"}}],"inLanguage":"pt-BR"},{"@type":"Organization","@id":"https:\/\/www.crossequipamentos.com.br\/site\/#organization","name":"CrossSports Equipamentos","url":"https:\/\/www.crossequipamentos.com.br\/site\/","logo":{"@type":"ImageObject","inLanguage":"pt-BR","@id":"https:\/\/www.crossequipamentos.com.br\/site\/#\/schema\/logo\/image\/","url":"https:\/\/www.crossequipamentos.com.br\/site\/wp-content\/uploads\/2019\/08\/logo_header_site.png","contentUrl":"https:\/\/www.crossequipamentos.com.br\/site\/wp-content\/uploads\/2019\/08\/logo_header_site.png","width":350,"height":118,"caption":"CrossSports Equipamentos"},"image":{"@id":"https:\/\/www.crossequipamentos.com.br\/site\/#\/schema\/logo\/image\/"},"sameAs":["https:\/\/www.facebook.com\/crossequipamentos\/","https:\/\/www.instagram.com\/crossequipamentos\/"]}]}},"_links":{"self":[{"href":"https:\/\/www.crossequipamentos.com.br\/site\/wp-json\/wp\/v2\/product\/735","targetHints":{"allow":["GET"]}}],"collection":[{"href":"https:\/\/www.crossequipamentos.com.br\/site\/wp-json\/wp\/v2\/product"}],"about":[{"href":"https:\/\/www.crossequipamentos.com.br\/site\/wp-json\/wp\/v2\/types\/product"}],"replies":[{"embeddable":true,"href":"https:\/\/www.crossequipamentos.com.br\/site\/wp-json\/wp\/v2\/comments?post=735"}],"wp:featuredmedia":[{"embeddable":true,"href":"https:\/\/www.crossequipamentos.com.br\/site\/wp-json\/wp\/v2\/media\/4910"}],"wp:attachment":[{"href":"https:\/\/www.crossequipamentos.com.br\/site\/wp-json\/wp\/v2\/media?parent=735"}],"wp:term":[{"taxonomy":"product_brand","embeddable":true,"href":"https:\/\/www.crossequipamentos.com.br\/site\/wp-json\/wp\/v2\/product_brand?post=735"},{"taxonomy":"product_cat","embeddable":true,"href":"https:\/\/www.crossequipamentos.com.br\/site\/wp-json\/wp\/v2\/product_cat?post=735"},{"taxonomy":"product_tag","embeddable":true,"href":"https:\/\/www.crossequipamentos.com.br\/site\/wp-json\/wp\/v2\/product_tag?post=735"}],"curies":[{"name":"wp","href":"https:\/\/api.w.org\/{rel}","templated":true}]}}