{"id":796,"date":"2017-12-14T21:39:22","date_gmt":"2017-12-14T23:39:22","guid":{"rendered":"http:\/\/br184.teste.website\/~cross628\/site\/?post_type=product&#038;p=796"},"modified":"2026-02-09T11:33:13","modified_gmt":"2026-02-09T14:33:13","slug":"box-jump","status":"publish","type":"product","link":"https:\/\/www.crossequipamentos.com.br\/site\/produto\/box-jump\/","title":{"rendered":"Box Jump Oficial (50x60x75cm)"},"content":{"rendered":"<p><strong>Box Jump Oficial<\/strong><\/p>\n<p><strong>Marca:<\/strong> Cross Sports Equipamentos<br \/>\n<strong>Tipo:<\/strong> Caixa Box Jump<br \/>\n<strong>Material:<\/strong> Madeira Naval Compensada com 15mm e refor\u00e7o interno<br \/>\nRecomenda\u00e7\u00e3o de Uso: Box Jump, Alongamento, CrossFit e Treinamento Funcional<br \/>\n<strong>Cor:<\/strong> Cor Natural da Madeira<br \/>\n<strong>Tamanho:50x60x75cm<\/strong><\/p>\n<p><strong>Suporta Pessoa Com at\u00e9 150 kg<\/strong><\/p>\n<p>Venda por unidade<\/p>\n<h6>Imagem meramente ilustrativa.<\/h6>\n<figure id=\"attachment_1199\" aria-describedby=\"caption-attachment-1199\" style=\"width: 598px\" class=\"wp-caption alignleft\"><img loading=\"lazy\" decoding=\"async\" class=\"size-medium wp-image-1199\" src=\"http:\/\/www.crossequipamentos.com.br\/site\/wp-content\/uploads\/2017\/12\/box_jump_cross_equipamentos-598x400.jpg\" alt=\"salto box jump\" width=\"598\" height=\"400\" srcset=\"https:\/\/www.crossequipamentos.com.br\/site\/wp-content\/uploads\/2017\/12\/box_jump_cross_equipamentos-598x400.jpg 598w, https:\/\/www.crossequipamentos.com.br\/site\/wp-content\/uploads\/2017\/12\/box_jump_cross_equipamentos-600x401.jpg 600w, https:\/\/www.crossequipamentos.com.br\/site\/wp-content\/uploads\/2017\/12\/box_jump_cross_equipamentos-768x513.jpg 768w, https:\/\/www.crossequipamentos.com.br\/site\/wp-content\/uploads\/2017\/12\/box_jump_cross_equipamentos.jpg 1080w\" sizes=\"auto, (max-width: 598px) 100vw, 598px\" \/><figcaption id=\"caption-attachment-1199\" class=\"wp-caption-text\">box jump<\/figcaption><\/figure>\n","protected":false},"excerpt":{"rendered":"<p>Box Jump Oficial Marca: Cross Sports Equipamentos Tipo: Caixa Box Jump Material: Madeira Naval Compensada com 15mm e refor\u00e7o interno Recomenda\u00e7\u00e3o de Uso: Box Jump, Alongamento, CrossFit e Treinamento Funcional Cor: Cor Natural da Madeira Tamanho:50x60x75cm Suporta Pessoa Com at\u00e9 150 kg Venda por unidade Imagem meramente ilustrativa.<\/p>\n","protected":false},"featured_media":4446,"comment_status":"closed","ping_status":"closed","template":"","meta":[],"product_brand":[],"product_cat":[72,86],"product_tag":[162,210,208,209],"class_list":{"0":"post-796","1":"product","2":"type-product","3":"status-publish","4":"has-post-thumbnail","6":"product_cat-condicionamento","7":"product_cat-box-jump","8":"product_tag-box-jump","9":"product_tag-equipamentos-funcionais","10":"product_tag-fitness","11":"product_tag-produtos-crossfit","13":"first","14":"instock","15":"sale","16":"taxable","17":"shipping-taxable","18":"purchasable","19":"product-type-simple"},"yoast_head":"<!-- This site is optimized with the Yoast SEO plugin v27.2 - https:\/\/yoast.com\/product\/yoast-seo-wordpress\/ -->\n<title>Box Jump Oficial (50x60x75cm) | Cross Sports Equipamentos CrossFit<\/title>\n<meta name=\"description\" content=\"Caixa para Salto Crossfit e Treino Funcional - 50x60x75cm (medida oficial Games). Use at\u00e9 3 op\u00e7\u00f5es de tamanhos. Madeira naval. Parcele em at\u00e9 12x sem juros!\" \/>\n<meta name=\"robots\" content=\"index, follow, max-snippet:-1, max-image-preview:large, max-video-preview:-1\" \/>\n<link rel=\"canonical\" href=\"https:\/\/www.crossequipamentos.com.br\/site\/produto\/box-jump\/\" \/>\n<meta property=\"og:locale\" content=\"pt_BR\" \/>\n<meta property=\"og:type\" content=\"article\" \/>\n<meta property=\"og:title\" content=\"Box Jump Oficial (50x60x75cm) | Cross Sports Equipamentos CrossFit\" \/>\n<meta property=\"og:description\" content=\"Caixa para Salto Crossfit e Treino Funcional - 50x60x75cm (medida oficial Games). Use at\u00e9 3 op\u00e7\u00f5es de tamanhos. Madeira naval. Parcele em at\u00e9 12x sem juros!\" \/>\n<meta property=\"og:url\" content=\"https:\/\/www.crossequipamentos.com.br\/site\/produto\/box-jump\/\" \/>\n<meta property=\"og:site_name\" content=\"Cross Sports Equipamentos\" \/>\n<meta property=\"article:publisher\" content=\"https:\/\/www.facebook.com\/crossequipamentos\/\" \/>\n<meta property=\"article:modified_time\" content=\"2026-02-09T14:33:13+00:00\" \/>\n<meta property=\"og:image\" content=\"https:\/\/www.crossequipamentos.com.br\/site\/wp-content\/uploads\/2017\/12\/WhatsApp-Image-2022-09-19-at-16.00.19.jpeg\" \/>\n\t<meta property=\"og:image:width\" content=\"500\" \/>\n\t<meta property=\"og:image:height\" content=\"500\" \/>\n\t<meta property=\"og:image:type\" content=\"image\/jpeg\" \/>\n<meta name=\"twitter:card\" content=\"summary_large_image\" \/>\n<meta name=\"twitter:label1\" content=\"Est. tempo de leitura\" \/>\n\t<meta name=\"twitter:data1\" content=\"1 minuto\" \/>\n<script type=\"application\/ld+json\" class=\"yoast-schema-graph\">{\"@context\":\"https:\/\/schema.org\",\"@graph\":[{\"@type\":\"WebPage\",\"@id\":\"https:\/\/www.crossequipamentos.com.br\/site\/produto\/box-jump\/\",\"url\":\"https:\/\/www.crossequipamentos.com.br\/site\/produto\/box-jump\/\",\"name\":\"Box Jump Oficial (50x60x75cm) | Cross Sports Equipamentos CrossFit\",\"isPartOf\":{\"@id\":\"https:\/\/www.crossequipamentos.com.br\/site\/#website\"},\"primaryImageOfPage\":{\"@id\":\"https:\/\/www.crossequipamentos.com.br\/site\/produto\/box-jump\/#primaryimage\"},\"image\":{\"@id\":\"https:\/\/www.crossequipamentos.com.br\/site\/produto\/box-jump\/#primaryimage\"},\"thumbnailUrl\":\"https:\/\/www.crossequipamentos.com.br\/site\/wp-content\/uploads\/2017\/12\/WhatsApp-Image-2022-09-19-at-16.00.19.jpeg\",\"datePublished\":\"2017-12-14T23:39:22+00:00\",\"dateModified\":\"2026-02-09T14:33:13+00:00\",\"description\":\"Caixa para Salto Crossfit e Treino Funcional - 50x60x75cm (medida oficial Games). Use at\u00e9 3 op\u00e7\u00f5es de tamanhos. Madeira naval. Parcele em at\u00e9 12x sem juros!\",\"breadcrumb\":{\"@id\":\"https:\/\/www.crossequipamentos.com.br\/site\/produto\/box-jump\/#breadcrumb\"},\"inLanguage\":\"pt-BR\",\"potentialAction\":[{\"@type\":\"ReadAction\",\"target\":[\"https:\/\/www.crossequipamentos.com.br\/site\/produto\/box-jump\/\"]}]},{\"@type\":\"ImageObject\",\"inLanguage\":\"pt-BR\",\"@id\":\"https:\/\/www.crossequipamentos.com.br\/site\/produto\/box-jump\/#primaryimage\",\"url\":\"https:\/\/www.crossequipamentos.com.br\/site\/wp-content\/uploads\/2017\/12\/WhatsApp-Image-2022-09-19-at-16.00.19.jpeg\",\"contentUrl\":\"https:\/\/www.crossequipamentos.com.br\/site\/wp-content\/uploads\/2017\/12\/WhatsApp-Image-2022-09-19-at-16.00.19.jpeg\",\"width\":500,\"height\":500},{\"@type\":\"BreadcrumbList\",\"@id\":\"https:\/\/www.crossequipamentos.com.br\/site\/produto\/box-jump\/#breadcrumb\",\"itemListElement\":[{\"@type\":\"ListItem\",\"position\":1,\"name\":\"In\u00edcio\",\"item\":\"https:\/\/www.crossequipamentos.com.br\/site\/\"},{\"@type\":\"ListItem\",\"position\":2,\"name\":\"Shop\",\"item\":\"https:\/\/www.crossequipamentos.com.br\/site\/shop\/\"},{\"@type\":\"ListItem\",\"position\":3,\"name\":\"Box Jump Oficial (50x60x75cm)\"}]},{\"@type\":\"WebSite\",\"@id\":\"https:\/\/www.crossequipamentos.com.br\/site\/#website\",\"url\":\"https:\/\/www.crossequipamentos.com.br\/site\/\",\"name\":\"Cross Sports Equipamentos\",\"description\":\"[RE]Marque Seu Ritmo - Equipamentos de Crossfit &amp; Funcional. Enviamos para todo Brasil\",\"publisher\":{\"@id\":\"https:\/\/www.crossequipamentos.com.br\/site\/#organization\"},\"potentialAction\":[{\"@type\":\"SearchAction\",\"target\":{\"@type\":\"EntryPoint\",\"urlTemplate\":\"https:\/\/www.crossequipamentos.com.br\/site\/?s={search_term_string}\"},\"query-input\":{\"@type\":\"PropertyValueSpecification\",\"valueRequired\":true,\"valueName\":\"search_term_string\"}}],\"inLanguage\":\"pt-BR\"},{\"@type\":\"Organization\",\"@id\":\"https:\/\/www.crossequipamentos.com.br\/site\/#organization\",\"name\":\"CrossSports Equipamentos\",\"url\":\"https:\/\/www.crossequipamentos.com.br\/site\/\",\"logo\":{\"@type\":\"ImageObject\",\"inLanguage\":\"pt-BR\",\"@id\":\"https:\/\/www.crossequipamentos.com.br\/site\/#\/schema\/logo\/image\/\",\"url\":\"https:\/\/www.crossequipamentos.com.br\/site\/wp-content\/uploads\/2019\/08\/logo_header_site.png\",\"contentUrl\":\"https:\/\/www.crossequipamentos.com.br\/site\/wp-content\/uploads\/2019\/08\/logo_header_site.png\",\"width\":350,\"height\":118,\"caption\":\"CrossSports Equipamentos\"},\"image\":{\"@id\":\"https:\/\/www.crossequipamentos.com.br\/site\/#\/schema\/logo\/image\/\"},\"sameAs\":[\"https:\/\/www.facebook.com\/crossequipamentos\/\",\"https:\/\/www.instagram.com\/crossequipamentos\/\"]}]}<\/script>\n<!-- \/ Yoast SEO plugin. -->","yoast_head_json":{"title":"Box Jump Oficial (50x60x75cm) | Cross Sports Equipamentos CrossFit","description":"Caixa para Salto Crossfit e Treino Funcional - 50x60x75cm (medida oficial Games). Use at\u00e9 3 op\u00e7\u00f5es de tamanhos. Madeira naval. Parcele em at\u00e9 12x sem juros!","robots":{"index":"index","follow":"follow","max-snippet":"max-snippet:-1","max-image-preview":"max-image-preview:large","max-video-preview":"max-video-preview:-1"},"canonical":"https:\/\/www.crossequipamentos.com.br\/site\/produto\/box-jump\/","og_locale":"pt_BR","og_type":"article","og_title":"Box Jump Oficial (50x60x75cm) | Cross Sports Equipamentos CrossFit","og_description":"Caixa para Salto Crossfit e Treino Funcional - 50x60x75cm (medida oficial Games). Use at\u00e9 3 op\u00e7\u00f5es de tamanhos. Madeira naval. Parcele em at\u00e9 12x sem juros!","og_url":"https:\/\/www.crossequipamentos.com.br\/site\/produto\/box-jump\/","og_site_name":"Cross Sports Equipamentos","article_publisher":"https:\/\/www.facebook.com\/crossequipamentos\/","article_modified_time":"2026-02-09T14:33:13+00:00","og_image":[{"width":500,"height":500,"url":"https:\/\/www.crossequipamentos.com.br\/site\/wp-content\/uploads\/2017\/12\/WhatsApp-Image-2022-09-19-at-16.00.19.jpeg","type":"image\/jpeg"}],"twitter_card":"summary_large_image","twitter_misc":{"Est. tempo de leitura":"1 minuto"},"schema":{"@context":"https:\/\/schema.org","@graph":[{"@type":"WebPage","@id":"https:\/\/www.crossequipamentos.com.br\/site\/produto\/box-jump\/","url":"https:\/\/www.crossequipamentos.com.br\/site\/produto\/box-jump\/","name":"Box Jump Oficial (50x60x75cm) | Cross Sports Equipamentos CrossFit","isPartOf":{"@id":"https:\/\/www.crossequipamentos.com.br\/site\/#website"},"primaryImageOfPage":{"@id":"https:\/\/www.crossequipamentos.com.br\/site\/produto\/box-jump\/#primaryimage"},"image":{"@id":"https:\/\/www.crossequipamentos.com.br\/site\/produto\/box-jump\/#primaryimage"},"thumbnailUrl":"https:\/\/www.crossequipamentos.com.br\/site\/wp-content\/uploads\/2017\/12\/WhatsApp-Image-2022-09-19-at-16.00.19.jpeg","datePublished":"2017-12-14T23:39:22+00:00","dateModified":"2026-02-09T14:33:13+00:00","description":"Caixa para Salto Crossfit e Treino Funcional - 50x60x75cm (medida oficial Games). Use at\u00e9 3 op\u00e7\u00f5es de tamanhos. Madeira naval. Parcele em at\u00e9 12x sem juros!","breadcrumb":{"@id":"https:\/\/www.crossequipamentos.com.br\/site\/produto\/box-jump\/#breadcrumb"},"inLanguage":"pt-BR","potentialAction":[{"@type":"ReadAction","target":["https:\/\/www.crossequipamentos.com.br\/site\/produto\/box-jump\/"]}]},{"@type":"ImageObject","inLanguage":"pt-BR","@id":"https:\/\/www.crossequipamentos.com.br\/site\/produto\/box-jump\/#primaryimage","url":"https:\/\/www.crossequipamentos.com.br\/site\/wp-content\/uploads\/2017\/12\/WhatsApp-Image-2022-09-19-at-16.00.19.jpeg","contentUrl":"https:\/\/www.crossequipamentos.com.br\/site\/wp-content\/uploads\/2017\/12\/WhatsApp-Image-2022-09-19-at-16.00.19.jpeg","width":500,"height":500},{"@type":"BreadcrumbList","@id":"https:\/\/www.crossequipamentos.com.br\/site\/produto\/box-jump\/#breadcrumb","itemListElement":[{"@type":"ListItem","position":1,"name":"In\u00edcio","item":"https:\/\/www.crossequipamentos.com.br\/site\/"},{"@type":"ListItem","position":2,"name":"Shop","item":"https:\/\/www.crossequipamentos.com.br\/site\/shop\/"},{"@type":"ListItem","position":3,"name":"Box Jump Oficial (50x60x75cm)"}]},{"@type":"WebSite","@id":"https:\/\/www.crossequipamentos.com.br\/site\/#website","url":"https:\/\/www.crossequipamentos.com.br\/site\/","name":"Cross Sports Equipamentos","description":"[RE]Marque Seu Ritmo - Equipamentos de Crossfit &amp; Funcional. Enviamos para todo Brasil","publisher":{"@id":"https:\/\/www.crossequipamentos.com.br\/site\/#organization"},"potentialAction":[{"@type":"SearchAction","target":{"@type":"EntryPoint","urlTemplate":"https:\/\/www.crossequipamentos.com.br\/site\/?s={search_term_string}"},"query-input":{"@type":"PropertyValueSpecification","valueRequired":true,"valueName":"search_term_string"}}],"inLanguage":"pt-BR"},{"@type":"Organization","@id":"https:\/\/www.crossequipamentos.com.br\/site\/#organization","name":"CrossSports Equipamentos","url":"https:\/\/www.crossequipamentos.com.br\/site\/","logo":{"@type":"ImageObject","inLanguage":"pt-BR","@id":"https:\/\/www.crossequipamentos.com.br\/site\/#\/schema\/logo\/image\/","url":"https:\/\/www.crossequipamentos.com.br\/site\/wp-content\/uploads\/2019\/08\/logo_header_site.png","contentUrl":"https:\/\/www.crossequipamentos.com.br\/site\/wp-content\/uploads\/2019\/08\/logo_header_site.png","width":350,"height":118,"caption":"CrossSports Equipamentos"},"image":{"@id":"https:\/\/www.crossequipamentos.com.br\/site\/#\/schema\/logo\/image\/"},"sameAs":["https:\/\/www.facebook.com\/crossequipamentos\/","https:\/\/www.instagram.com\/crossequipamentos\/"]}]}},"_links":{"self":[{"href":"https:\/\/www.crossequipamentos.com.br\/site\/wp-json\/wp\/v2\/product\/796","targetHints":{"allow":["GET"]}}],"collection":[{"href":"https:\/\/www.crossequipamentos.com.br\/site\/wp-json\/wp\/v2\/product"}],"about":[{"href":"https:\/\/www.crossequipamentos.com.br\/site\/wp-json\/wp\/v2\/types\/product"}],"replies":[{"embeddable":true,"href":"https:\/\/www.crossequipamentos.com.br\/site\/wp-json\/wp\/v2\/comments?post=796"}],"wp:featuredmedia":[{"embeddable":true,"href":"https:\/\/www.crossequipamentos.com.br\/site\/wp-json\/wp\/v2\/media\/4446"}],"wp:attachment":[{"href":"https:\/\/www.crossequipamentos.com.br\/site\/wp-json\/wp\/v2\/media?parent=796"}],"wp:term":[{"taxonomy":"product_brand","embeddable":true,"href":"https:\/\/www.crossequipamentos.com.br\/site\/wp-json\/wp\/v2\/product_brand?post=796"},{"taxonomy":"product_cat","embeddable":true,"href":"https:\/\/www.crossequipamentos.com.br\/site\/wp-json\/wp\/v2\/product_cat?post=796"},{"taxonomy":"product_tag","embeddable":true,"href":"https:\/\/www.crossequipamentos.com.br\/site\/wp-json\/wp\/v2\/product_tag?post=796"}],"curies":[{"name":"wp","href":"https:\/\/api.w.org\/{rel}","templated":true}]}}